hen b is divided by 15.
10
Suppose -78 = 4*m - 7*m. Suppose 2 = 4*a - m. Calculate the remainder when 18 is divided by a.
4
Let q(w) = -w**2 + 5*w - 2. Let j be q(7). Let r = 26 + j. Calculate the remainder when r is divided by 3.
1
Let l = -122 - -137. What is the remainder when 29 is divided by l?
14
Let z = 3 + 0. Calculate the remainder when 11 is divided by z.
2
Let z = 8 + -8. Suppose q + q - 106 = z. Calculate the remainder when q is divided by 27.
26
Let y = -12 + 13. Calculate the remainder when (-3)/(-1*(-1)/(-14)) is divided by -13 + 29 + y + -2.
12
Suppose 14*v - 12*v = 56. What is the remainder when v is divided by 8?
4
Let i(u) = u**2 - 10*u. Let g be i(5). Calculate the remainder when 89 is divided by 5/g - (-116)/5.
20
Suppose 4*w - 68 + 8 = 0. Calculate the remainder when 104 is divided by w.
14
Let x(u) = -4*u + 3. Let n(f) = -9*f + 6. Let a(o) = -4*n(o) + 10*x(o). What is the remainder when a(-7) is divided by (-106)/(-9) - 4/(-18)?
10
Calculate the remainder when 67 is divided by 1/((-4)/(-3 - 13)).
3
Suppose 0 = -3*g - 5*j + 7, 3*g - 5*j + 7 = 24. Calculate the remainder when 33*1/3*1 is divided by g.
3
Suppose 4*a = 5*g - 54, a + 8 + 23 = 3*g. Suppose -i = 2 - g. Calculate the remainder when 23 is divided by i.
7
Let j(w) = 5*w + 5. Suppose 28 = n + 20. What is the remainder when j(5) is divided by n?
6
What is the remainder when 22 is divided by (4 + 0)/(-4) - -9 - 3?
2
Let w(y) = 2*y**2. Let b be w(-1). Suppose 0*v = -b*v + 6. Suppose 5*r - 32 = u, 3*r + 0*r - 5*u - 6 = 0. Calculate the remainder when r is divided by v.
1
Calculate the remainder when ((-8)/(-3))/(-1)*84/(-56) is divided by 2.
0
Suppose q + 0*k - 4*k = 9, -2*k - 6 = -2*q. Let d be (308/(-33))/((-2)/3). Suppose q = -o + d. What is the remainder when 25 is divided by o?
12
Suppose -48 = -2*z + 44. Let x(o) = -3*o**3 - 10 + 6*o - 3*o - 8*o**2 + 4*o**3 + 2. Calculate the remainder when z is divided by x(8).
14
Let f(y) = -9*y + 2. Suppose 12*m - 353 = -257. Calculate the remainder when f(-3) is divided by m.
5
Let f(l) = -l**2 - 10*l - 4. Let j be f(-8). Suppose 3 = 3*z - j. What is the remainder when 11 - (3 - (3 + 3)) is divided by z?
4
Suppose w = 3*s - 22, 5*w - 20 = w. Calculate the remainder when 25 is divided by s.
7
Let f = 1 + 4. Suppose -64 = -f*n + 2*x - 8, 33 = 3*n - x. What is the remainder when n is divided by 4?
2
Let x(t) = -t**2 - 10*t - 8. Calculate the remainder when 48 is divided by x(-5).
14
Suppose -f - f = -70. Let m be (62/(-3))/(10/15). Let u = m - -43. Calculate the remainder when f is divided by u.
11
Let m(l) = l**3 - 11*l**2 + 3*l - 19. What is the remainder when 417 is divided by m(11)?
11
Suppose -37 = -4*h + 3. What is the remainder when 20 is divided by h?
0
Let t = 48 - 31. What is the remainder when 65 is divided by t?
14
Let v = 47 + -41. Calculate the remainder when v is divided by 2.
0
Let n = 113 - 90. Calculate the remainder when 67 is divided by n.
21
Suppose -244 = 6*t - 10*t. Calculate the remainder when t is divided by 16.
13
Let h = 31 + -15. Suppose -8 = -2*q + h. What is the remainder when 46 is divided by q?
10
Suppose a + 13 = h, -a + h - 37 = 3*a. Suppose -3*z = -6*z + 33. Let u = z + a. What is the remainder when 4 is divided by u?
1
Suppose -f + 23 = -5*d, f + 3*f - 44 = 4*d. Suppose 0 = -2*p + f - 0. What is the remainder when 10 is divided by p?
2
Let j(z) = -2*z + 2. Let a be j(-8). Suppose -2*k + a = 2*u, -k - u = 2*k - 23. What is the remainder when k is divided by (-16)/(-6)*3/2?
3
Let q(t) = t + 32. What is the remainder when q(18) is divided by 27?
23
Let i(u) = -u**3 - 9*u**2 - 20*u + 6. Calculate the remainder when i(-6) is divided by 3.
0
Let s be (-706)/26 - 6/(-39). Let c be (-1)/(-2 + s/(-15)). Suppose c = 5*x + 4*r - 94, -x = -3*r - 35. Calculate the remainder when x is divided by 8.
7
Suppose 3*s = 7 - 1. Let g be -1*(0 - 1) - -2. Calculate the remainder when s is divided by (-4)/(-5) + g/15.
0
Let h(n) be the first derivative of 3/2*n**2 + 1 - 12*n. What is the remainder when 43 is divided by h(9)?
13
Suppose 2*h + 0*h - 150 = 0. Suppose -t + 27 = 8. Calculate the remainder when h is divided by t.
18
Suppose -f - 6 + 20 = 0. Suppose 2 = 2*r - 4. Suppose -4*v = -r*b - 89, v = 4*v + 3*b - 93. What is the remainder when v is divided by f?
12
What is the remainder when (-1 - -3)*(-2 + 1) - -40 is divided by 20?
18
Suppose -5*o + 0*o + 50 = 0. Suppose 0 = f - 23 + 4. What is the remainder when f is divided by o?
9
What is the remainder when 82 is divided by 0 + (-1)/((-2)/34)?
14
Let i = 605 + -403. What is the remainder when i is divided by 17?
15
Let m(a) = 2*a**2 + 4*a + 2. Let g be m(-3). Let c(w) = -w**3 + 9*w**2 - 8*w + 12. Calculate the remainder when 21 is divided by c(g).
9
Suppose -40 = -2*p - 5*m, -70 + 10 = -3*p - m. Calculate the remainder when (1*3)/(6/76) is divided by p.
18
Let u = -38 - -72. Calculate the remainder when u is divided by 19.
15
Let u(r) = 3 - r + 11 - 5. Calculate the remainder when 34 is divided by u(0).
7
Let q(g) = g + 1. Let u(b) = 4*b + 2. Let t(c) = -2*q(c) + 2*u(c). Calculate the remainder when t(3) is divided by 7.
6
Let o(u) = -6 + 3 + 3*u + 1 - 5. Calculate the remainder when 29 is divided by o(5).
5
Let x = 8 - 8. Suppose d - 9 = -x*d. What is the remainder when 43 is divided by d?
7
Let m(s) = 1. Let u(w) = -w**2 - w + 5. Let i(h) = m(h) - u(h). What is the remainder when i(-6) is divided by 14?
12
Suppose -4 = 3*i - 61. Let f = 0 + -10. Let k = f + i. Calculate the remainder when 17 is divided by k.
8
Let i(x) = -91*x + 1. Suppose 4 = -2*u - 4*y + 2, y + 5 = -5*u. Let n be i(u). Let p = n + -65. Calculate the remainder when p is divided by 14.
13
Let j(r) = r**2 - 7*r. Let k be j(6). Let i(u) = u**3 + 8*u**2 + 9*u + 5. Calculate the remainder when 43 is divided by i(k).
20
Let a = 11 + 5. Let x be -5*(-2 + (-3 - -1)). Let t = x - -10. What is the remainder when t is divided by a?
14
Suppose 0*a + 3*p = 4*a - 204, p = 0. What is the remainder when a is divided by 26?
25
Let w be (-1)/(-3)*3*35. Suppose -k = 2*q - w - 46, -5*k = 3*q - 125. Calculate the remainder when q is divided by 14.
12
Suppose -p + 5 = -19. Let i(j) = j**3 + 5*j**2 - 2*j - 1. Calculate the remainder when p is divided by i(-5).
6
Suppose v - 3*v - 5*a = -4, -2*v = a + 12. What is the remainder when 2 is divided by (v + 3)*(-6)/15?
0
Let t be (3/(-2))/(3/(-18)). Suppose -16 = -5*c + t. Let s(d) = d**2 + 8. Calculate the remainder when s(0) is divided by c.
3
Let y(j) = -15*j + 5. Calculate the remainder when y(-2) is divided by 18.
17
Suppose -h + 100 - 56 = 0. What is the remainder when 175 is divided by h?
43
Suppose 4*g - x - 3*x + 12 = 0, -4*g - 5*x = -33. Calculate the remainder when 7 is divided by g.
1
Suppose -5*f - 81 = -2*u - 0*u, -3*f + 73 = 2*u. Calculate the remainder when u is divided by 20.
18
Let s be 1/(-2)*(-1 + -1). Let d be (-11)/(1/(-2) + s). Let i = d + 31. Calculate the remainder when i is divided by 5.
4
Let b(f) = -f + 4. Let h(n) = -5*n + 17. Let a(r) = -9*b(r) + 2*h(r). Suppose -2*d + 2 + 2 = 0. What is the remainder when d is divided by a(-3)?
0
Let l(q) = q**2 + 9*q - 14. Let i be l(-10). Calculate the remainder when 15 is divided by -1 - (-4)/(i/(-5)).
3
Let t(w) = -w**2 - 16*w - 11. Calculate the remainder when 80 is divided by t(-13).
24
Suppose -5*z - 320 = -9*z. Calculate the remainder when z is divided by 29.
22
Suppose 8*y - 58 = 30. What is the remainder when 19 is divided by y?
8
Suppose -4*w - 20 = -84. Let g = w - 6. Suppose -2*f + 3*q + 8 = 0, 0 = -3*f - 5*q + 4*q + 12. Calculate the remainder when g is divided by f.
2
Let d(k) = k - 3. Calculate the remainder when 14 is divided by d(5).
0
Suppose -278 = -7*q + 261. What is the remainder when q is divided by 10?
7
Let k = 22 - 7. Calculate the remainder when 42 is divided by k.
12
Suppose 2*k = -3*k + 30. Let m(v) = v. Calculate the remainder when 11 is divided by m(k).
5
Let f(b) = b**3 + b**2 + 2. Let q be f(0). Suppose -s = -3*v, 0 = v - q*v + 2*s + 5. Calculate the remainder when 44 is divided by 12 - v - 10/(-5).
14
Let d = 80 + -37. What is the remainder when (d/2)/(3/6) is divided by 15?
13
Let a(g) = -g**3 - 7*g**2 - 10*g - 10. Let m be a(-7). Calculate the remainder when m - 1 - 